sor of 378479 and 1711.
29
What is the highest common factor of 5307 and 22929778?
1769
Calculate the greatest common factor of 59922977 and 12003.
4001
Calculate the highest common factor of 41518615 and 5.
5
What is the greatest common divisor of 741 and 1846914?
57
What is the greatest common divisor of 32650 and 61300?
50
What is the highest common factor of 23026 and 190472?
58
What is the greatest common factor of 580466 and 4?
2
What is the greatest common factor of 45982 and 129359?
277
Calculate the highest common factor of 6414 and 85884529.
1069
Calculate the highest common divisor of 42016 and 11877398.
2626
What is the highest common factor of 192671505 and 14391?
4797
Calculate the greatest common divisor of 4908246 and 2415.
483
What is the highest common factor of 541 and 942402524?
541
What is the highest common divisor of 128616 and 176640?
552
Calculate the greatest common divisor of 2652195 and 2814.
1407
What is the highest common factor of 14115029 and 4961?
41
What is the highest common divisor of 86376425 and 25?
25
What is the greatest common factor of 16897300 and 956?
956
What is the highest common factor of 3887 and 689351?
169
What is the highest common factor of 5508 and 17408?
68
Calculate the greatest common factor of 2626832 and 624.
208
Calculate the highest common factor of 320 and 1529.
1
What is the highest common divisor of 47336976 and 976?
976
Calculate the greatest common divisor of 876504 and 321261.
1857
Calculate the greatest common divisor of 135 and 3975.
15
What is the highest common divisor of 210132 and 104?
52
Calculate the greatest common factor of 47128730 and 3805.
3805
Calculate the highest common factor of 33533724 and 35.
7
What is the greatest common divisor of 5310576 and 19410?
3882
What is the greatest common divisor of 2958 and 5452011078?
2958
Calculate the highest common factor of 4968 and 7659414.
1242
What is the highest common factor of 337985 and 4715?
115
What is the greatest common factor of 1609552 and 52920?
392
Calculate the highest common divisor of 537603 and 120153.
363
What is the greatest common factor of 11942876 and 44?
44
What is the highest common factor of 519892 and 2300?
92
What is the greatest common factor of 357156965 and 95?
95
Calculate the highest common divisor of 8096470 and 1720.
430
Calculate the greatest common divisor of 1434 and 12023134.
478
Calculate the highest common divisor of 314307377 and 94.
47
Calculate the highest common divisor of 2934 and 16507336.
326
What is the greatest common factor of 256 and 7895296?
256
Calculate the highest common factor of 189 and 48262284.
189
What is the greatest common factor of 12331769 and 1023?
31
Calculate the greatest common divisor of 2530 and 32527440.
110
Calculate the greatest common divisor of 60750714 and 41420.
4142
Calculate the greatest common divisor of 1211901 and 241194.
1977
What is the highest common divisor of 16448 and 6425514?
514
What is the greatest common divisor of 4 and 7837276?
4
Calculate the greatest common factor of 4 and 1262102.
2
Calculate the highest common factor of 6182302 and 12335.
2467
What is the greatest common divisor of 15232 and 2777596?
68
What is the greatest common divisor of 2573375 and 1066891?
1211
Calculate the highest common divisor of 8958 and 3846.
6
Calculate the highest common divisor of 755 and 6450569.
151
What is the highest common divisor of 88 and 329536328?
88
Calculate the greatest common divisor of 74840844 and 104.
52
What is the greatest common factor of 117988542 and 28?
14
Calculate the highest common factor of 4630473 and 9834.
447
What is the highest common factor of 72 and 291795624?
72
What is the greatest common factor of 28615 and 358415?
485
What is the highest common divisor of 37247 and 822409?
119
What is the highest common divisor of 240 and 480870?
30
Calculate the highest common factor of 5908170 and 135.
15
What is the greatest common divisor of 9280800 and 70800?
1200
Calculate the greatest common factor of 55583864 and 1148.
1148
Calculate the greatest common factor of 13 and 19511089.
13
Calculate the greatest common factor of 92907 and 49662.
279
Calculate the highest common factor of 132437955 and 117.
39
What is the greatest common factor of 2664300 and 810?
30
What is the highest common factor of 1022433325 and 419?
419
Calculate the greatest common divisor of 1611295 and 1085.
35
What is the highest common divisor of 12065 and 70167627?
2413
What is the greatest common divisor of 314 and 580323?
1
Calculate the highest common divisor of 4060 and 670915.
1015
Calculate the highest common factor of 62 and 6100335.
31
What is the greatest common divisor of 77844 and 624000?
156
What is the greatest common divisor of 180 and 26044245?
45
What is the greatest common factor of 97681 and 185081?
23
Calculate the greatest common divisor of 41134050 and 38.
38
Calculate the highest common divisor of 58432512 and 5376.
768
What is the greatest common factor of 457198 and 4612440?
4046
What is the greatest common factor of 83340 and 10830?
30
What is the highest common divisor of 18135 and 119405?
65
What is the highest common factor of 5796 and 98974428?
1932
Calculate the greatest common factor of 166725528 and 276.
276
Calculate the greatest common divisor of 539 and 45513699.
539
Calculate the greatest common factor of 526270 and 940.
10
Calculate the highest common divisor of 293956938 and 3378.
3378
What is the greatest common divisor of 140 and 42951090?
70
What is the greatest common factor of 13618254 and 644?
46
Calculate the highest common factor of 303 and 111992941.
101
Calculate the highest common divisor of 90501 and 1067679.
291
What is the greatest common factor of 673486 and 1168618?
2662
Calculate the highest common divisor of 2123541 and 666.
333
What is the greatest common factor of 30 and 13489536?
6
What is the highest common divisor of 117 and 17125875?
117
What is the greatest common factor of 1350 and 25328340?
90
What is the greatest common factor of 12065842 and 2?
2
Calculate the highest common factor of 3726527 and 189.
7
Calculate the greatest common divisor of 27994685 and 10255.
1465
What is the highest common factor of 7337 and 1301317?
667
What is the greatest common factor of 298568023 and 65?
13
Calculate the highest common divisor of 47023 and 15787773.
797
Calculate the highest common divisor of 32908 and 7019796.
1732
What is the greatest common divisor of 7334583 and 1718166?
4317
What is the greatest common divisor of 2060 and 15139970?
1030
Calculate the highest common divisor of 93647 and 7622.
37
What is the greatest common divisor of 14765 and 192165?
5
Calculate the highest common divisor of 6066009 and 15309.
729
What is the highest common factor of 1539 and 1750470912?
1539
What is the greatest common divisor of 9 and 803949?
3
What is the highest common factor of 5015 and 279412?
17
What is the highest common divisor of 4241120 and 8320?
2080
Calculate the greatest common divisor of 86198480 and 21804.
7268
Calculate the highest common factor of 20527221 and 1768.
13
What is the highest common factor of 461784 and 21138?
1626
Calculate the highest common factor of 56732 and 13707324.
4364
Calculate the greatest common divisor of 572 and 25442716.
52
What is the highest common divisor of 86726 and 105671?
421
What is the highest common factor of 353346755 and 10090?
5045
What is the greatest common factor of 3769668 and 335160?
1764
What is the highest common factor of 1252043 and 297427?
1781
Calculate the highest common factor of 119 and 1951197899.
119
Calculate the highest common divisor of 1798860 and 1260.
420
Calculate the greatest common divisor of 27045972 and 2169.
9
What is the greatest common divisor of 13872 and 157680?
48
Calculate the greatest common factor of 566954 and 1474.
134
What is the highest common factor of 192 and 19448316?
12
Calculate the greatest common factor of 2367 and 220028693.
263
What is the highest common factor of 2392 and 7149458?
46
What is the greatest common divisor of 4108163332 and 28?
28
Calculate the highest common factor of 236592252 and 36.
36
What is the greatest common factor of 2102061285 and 15?
15
Calculate the greatest comm